hat is the units digit of m?
8
Let s = -17 + 17. Suppose s*n + n + 1 = 0. Let g = 27 + n. What is the tens digit of g?
2
Suppose -2*y + 18 = -4*b - 8, -25 = 5*b - 4*y. Let t(w) = w**3 + 8*w**2 - 9*w + 3. Let j be t(b). Suppose j*u = u + 48. What is the tens digit of u?
2
Suppose 4*b - 8 = -5*t, 10*t - 17 = 5*t - b. Suppose -2*q - q + 2*d + 796 = 0, -3*d - 1061 = -t*q. What is the units digit of q?
6
Let m = 3878 + -1701. What is the tens digit of m?
7
What is the thousands digit of 1171 - 1 - 12/36*-18?
1
Let o be 2 + -1 - 1/(-1). Suppose -40 - 10 = -5*i + t, 0 = o*i - t - 20. Suppose 12 = r - i. What is the units digit of r?
2
Let k(r) = r**3 + 5*r**2 - 4*r + 7. Let i be k(-5). Suppose 2*b + 5*v = 73, -3*v = -3*b + 3 + 96. Let h = i + b. What is the units digit of h?
1
What is the hundreds digit of (4835/10)/(4/24) - 2?
8
Suppose w - 8 = a - w, 2*a - 2*w = -6. Let s be 18/(-24) - a/8. What is the tens digit of (-3 - s/1) + 23?
2
Let n(r) = 3*r**3 - 5*r**2 - 6*r - 27. What is the units digit of n(7)?
5
Suppose -2*f + 28 = 4. What is the units digit of 5/(-10)*f/(-3)?
2
Suppose -2*k = -3*n + 108, 2*n + 0*k - 79 = -k. Suppose -927 = -n*v + 35*v. What is the tens digit of v?
0
Suppose -l - 4 = k, l - 32 = 3*k - l. Let r(h) = h**2 + 2*h - 4. What is the tens digit of r(k)?
4
Suppose -8*y = -0*y - 64. Let v = 7 - 0. Let c = y + v. What is the units digit of c?
5
Let v = 1473 + 289. What is the tens digit of v?
6
Suppose 4*l = -r + 572, 0 = 17*l - 21*l + 16. What is the units digit of r?
6
Let v(w) = -12*w**3 - 3*w**2 + 3*w - 1. What is the tens digit of v(-3)?
8
Let d be (-1)/7 - 83/7. Let o = d + 33. What is the units digit of (-374)/(-6) + o/(-63)?
2
Let w(z) = 10*z**2 - 5*z + 21. What is the hundreds digit of w(8)?
6
Let f(h) = -2*h - 11. Let g be f(-14). Let x be -1*2 + 12/2. Suppose g = 5*m - x*m. What is the tens digit of m?
1
Suppose 3*p = -5 - 1. Let c be 1 + (-4)/p + -3. Suppose -2*a + d + 57 - 2 = c, -2*d - 20 = -a. What is the units digit of a?
0
Let s(w) = -w**3 - 7*w**2 - 6*w + 2. Let k be s(-6). Let d(y) = y**3 - 5 + k + 3 + 6*y**2. What is the tens digit of d(-3)?
2
Let q(k) = 18*k**2 + 8*k - 32. What is the hundreds digit of q(-8)?
0
Let h(i) be the first derivative of 2*i - 5/2*i**2 - 3. What is the tens digit of h(-6)?
3
Let i(h) = h**3 - 2*h - 2. Let t be i(-1). What is the units digit of (4/18 - (-1064)/(-9))*t?
8
Let x = 1076 - 642. Suppose -k + 59 = c - 23, -k = -5*c + x. What is the tens digit of c?
8
Let d(r) = -19*r + 36. What is the tens digit of d(-2)?
7
Let u = -5 - -7. Let v be (-3)/(u + (-3)/3). What is the units digit of (-2)/v*(-30)/(-20)?
1
Let w be -4 + (0/3 - -4). Suppose w*p - 5*p = -40. Suppose p*a + 2 = 9*a. What is the units digit of a?
2
Let q(y) = 3*y**2 + 133*y + 8. What is the units digit of q(-50)?
8
Suppose 5*t - u - 2450 = 1752, 3*t - 4*u - 2511 = 0. What is the units digit of t?
1
Suppose -5*m = -5*n + 1245, -4*n + 7*m + 1016 = 8*m. Suppose -3*d + n = -401. What is the units digit of d?
8
Suppose -100 = -k - 2*p, -10*p = -15*p. What is the hundreds digit of k?
1
Let b(c) = 97*c - 5. What is the tens digit of b(4)?
8
Suppose -5*y = -0*y + 130. Let u be y - 1 - (-2 - -6). Let w = -12 - u. What is the tens digit of w?
1
Let n(v) be the second derivative of -v**4/12 - 3*v**3/2 - 5*v**2/2 + 8*v. Let c be n(-7). What is the tens digit of 68/6 + (-3)/c?
1
Let p(m) = 22*m**2 - 4*m + 6. Let t = 7 + -4. What is the tens digit of p(t)?
9
Suppose 0 = 5*z, -4515 = -5*f + 2*z - 3*z. What is the tens digit of f?
0
Suppose -2 = -2*u + 34. Suppose -2*w + u = -0*w. What is the units digit of 1/((-3)/w) - -37?
4
Suppose 3*b + 5*y = 10559, -4*b + 12099 + 2008 = y. What is the thousands digit of b?
3
Let l be 4 + (2 - (-192)/3). What is the tens digit of (-10)/7*l/(-2)?
5
Let w = 112 - -508. What is the hundreds digit of w?
6
Let t(j) = -j**2 - 5*j + 2. Let l be t(-5). Suppose 5*d - 393 = -l*f, -4*d + 399 = d - 4*f. What is the units digit of d?
9
Let d(g) = 3*g**2 + 3*g + 4. Let m be d(3). Let f(y) = y**2 + 3*y - 3. Let v be f(-4). What is the units digit of 368/m + v/(-5)?
9
Let d(g) = 4*g**3 - 10*g**2 + 7*g - 3. Let w be d(5). Suppose 98 + w = 4*y. What is the tens digit of y?
9
Let z be -9 + 13 + -3 + 1. Suppose 2*q + w - 6 = 7, z*w = q - 9. What is the units digit of q?
7
Let f = 12733 - 8434. What is the tens digit of f?
9
What is the tens digit of ((-6)/(-4))/(21/48342)?
5
Let t be (-2)/(-9) - (-2235)/27. Suppose -261 + t = -2*l. What is the units digit of l?
9
Let g = -234 - -144. Suppose 2*r + 534 = 4*o, -4*o = -2*o + 4*r - 252. Let p = o + g. What is the tens digit of p?
4
Suppose 55*l - 317975 = -24*l. What is the hundreds digit of l?
0
Let q(g) = 33*g**3 - 2*g - 1. Let c be q(-1). Let b = c - -34. Suppose b*i - 315 = -5*k, 0 = k + 2*i + i - 63. What is the tens digit of k?
6
Let b(c) = -c**3 + 3*c**2 - c + 2. Let m be b(2). Suppose -3*j = 14 + 1, -2*q = 5*j - 125. Suppose -m*o + q = -5. What is the tens digit of o?
2
Suppose 5166 + 2298 = 8*y. What is the hundreds digit of y?
9
Let q(x) = -46*x**3 - 3*x**2 + x - 6. Let w be q(-4). What is the units digit of 4/(-32) + w/48?
0
Let w(f) = -36*f - 18. Let j be w(-10). Suppose 2*k + j = 5*k. What is the tens digit of k?
1
Suppose 0 = -29*p + 6794 + 61269. What is the hundreds digit of p?
3
Let m = -4 - -5. Let a be m + (-312)/(-4 - 0). Suppose -u + 25 = 3*s, s - 10 = -4*u + a. What is the tens digit of u?
2
Suppose -1009 = 7*l - 5174. What is the tens digit of l?
9
Let r(q) = q**2 - 4*q + 1. Let s be r(4). Suppose -h + 2 + s = 0. Suppose -3*z + 20 = z, -h*i + 61 = -z. What is the units digit of i?
2
Let j be 0*(-4)/8 - 24. Let z = j - -42. Suppose -5*f + 65 = y, -f - 3*y + 9 = -z. What is the units digit of f?
2
Let j = 0 - -14. Let x = 15 - j. What is the units digit of x?
1
Let h(b) = -b**2 - 8*b - 1. Let p be h(-5). Let f = 19 - p. Suppose -259 = -f*w + 51. What is the tens digit of w?
6
Let m(v) be the third derivative of -v**6/120 - v**5/6 + v**4/12 - 14*v**3/3 - 32*v**2. What is the tens digit of m(-11)?
7
What is the tens digit of 4/(-8) + 5722/4?
3
Let v = 28 + -24. Suppose 655 = v*h + h. What is the tens digit of h?
3
Let c(z) be the second derivative of 5*z**4/12 - z**2/2 + 4*z. Let b be c(1). Suppose 0 = -b*g + 6*g - 2. What is the units digit of g?
1
Let x(d) be the third derivative of 43*d**4/8 - d**3 - d**2 + 5. What is the tens digit of x(2)?
5
Let p = 119 - 151. Suppose 2*q - 147 = -q. Let a = p + q. What is the units digit of a?
7
What is the units digit of (-8)/((-40)/15) + 1 + 0?
4
Let i = -124 + 133. Suppose i*c - 2*c = 1218. What is the tens digit of c?
7
Suppose -1206 = -5*j - 2*u, j + 2*u - 726 = -2*j. Suppose -2*x = -w - j, -2*x - w - w + 228 = 0. What is the hundreds digit of x?
1
Let v(f) = 112*f - 572. What is the hundreds digit of v(30)?
7
What is the units digit of 4 + 76 - (2 + (1 - 1))?
8
Let u(q) = q**2 - q - 1. Let x be u(-2). Let j be 3 - 1 - (-520)/x. Suppose j = -22*f + 24*f. What is the units digit of f?
3
Suppose 4*w = -d + 2807 + 2554, 0 = 2*w + 5*d - 2667. What is the units digit of w?
1
Let j(c) = c**2 + 5*c + 6. Let u be j(-4). Let k be 17/5 + (-6)/15. Suppose -3*s - 9 = -2*v, 4*s + u = k*v - 2*v. What is the units digit of v?
6
Let y = -39 + 131. Suppose z + 2*k + 146 = 6*z, -3*z - k = -y. What is the units digit of z?
0
Let x(h) = -h**2 + 5*h - 1. Suppose 0 = -3*y - l + 18, 3*y - 5*y - 4*l + 12 = 0. Let q be x(y). Let i(t) = -t**2 - 6*t + 8. What is the units digit of i(q)?
1
Let x(h) = h**3 - 9*h**2 - 2*h + 11. Let t be x(9). Let p(z) = -z**3 - 6*z**2 + 15. What is the tens digit of p(t)?
6
Let l(b) = 8*b - 16. Let z be l(3). Suppose -5*n - 306 = -z*n. What is the units digit of n?
2
Suppose -f = 5*z + 4*f + 30, 3*z - 3*f = 12. Let t(m) = -238*m**3. What is the tens digit of t(z)?
3
Suppose -2*v = -10 - 0. Suppose 4*p - 477 = t, -t + 600 = v*p - 3*t. What is the hundreds digit of p?
1
Suppose -3 - 3 = -2*u. Suppose -2*z + z + 52 = -2*y, u*z - 211 = -5*y. What is the tens digit of z?
6
Let d(h) be the first derivative of 5*h**3/3 + 9. Let l be d(-1). Suppose l*p - 58 = 2*i + 37, 36 = 3*p + 3*i. What is the tens digit of p?
1
Let h(o) = 5*o**2 + 1. Suppose -t + 5*t + 4 = 0. Let z be h(t). Suppose -z*m + 3*m + 96 = 0. W